{"id":73,"date":"2023-07-25T03:50:34","date_gmt":"2023-07-25T03:50:34","guid":{"rendered":"https:\/\/demo.casethemes.net\/consultio-insurance2\/?page_id=73"},"modified":"2024-02-01T21:07:42","modified_gmt":"2024-02-01T21:07:42","slug":"insurance","status":"publish","type":"page","link":"https:\/\/www.asambleachoco.gov.co\/web\/insurance\/","title":{"rendered":"HISTORIA DE LA ASAMBLEA DEPARTAMENTAL DEL CHOC\u00d3"},"content":{"rendered":"\t\t<div data-elementor-type=\"wp-page\" data-elementor-id=\"73\" class=\"elementor elementor-73\">\n\t\t\t\t        <section class=\"elementor-section elementor-top-section elementor-element elementor-element-05c55a8 elementor-section-stretched elementor-section-boxed elementor-section-height-default elementor-section-height-default ct-header-fixed-none ct-row-max-none\" data-id=\"05c55a8\" data-element_type=\"section\" data-e-type=\"section\" data-settings=\"{&quot;stretch_section&quot;:&quot;section-stretched&quot;}\">\n            \n                        <div class=\"elementor-container elementor-column-gap-extended \">\n                    <div class=\"elementor-column elementor-col-100 elementor-top-column elementor-element elementor-element-0430c36\" data-id=\"0430c36\" data-element_type=\"column\" data-e-type=\"column\">\n        <div class=\"elementor-widget-wrap elementor-element-populated\">\n                    \n        \t\t<div class=\"elementor-element elementor-element-5272a95 elementor-widget elementor-widget-ct_heading\" data-id=\"5272a95\" data-element_type=\"widget\" data-e-type=\"widget\" data-widget_type=\"ct_heading.default\">\n\t\t\t\t<div class=\"elementor-widget-container\">\n\t\t\t\t\t<div id=\"ct_heading-5272a95\" class=\"ct-heading h-align-center sub-style12 ct-heading-left item-st-default\">\r\n\t<div class=\"ct-item--inner\">\r\n        <div class=\"ct-inline-css\"  data-css=\"\r\n            \">\r\n        <\/div>\r\n                <h3 class=\"item--title st-default wow pxl-split-text split-in-right\" data-wow-delay=\"ms\">\r\n                        <span class=\"sp-main\">\r\n                \r\n                QUE HACER DE LA          <cite class=\"ct-text-highlight\">\r\n            ASAMBLEA DEPARTAMENTAL DEL CHOC\u00d3        <\/cite>\r\n         \r\n                \r\n                            <\/span>\r\n                    <\/h3>\r\n    <\/div>\r\n<\/div>\t\t\t\t<\/div>\n\t\t\t\t<\/div>\n\t\t\t\t<div class=\"elementor-element elementor-element-e01a910 elementor-widget__width-initial elementor-widget elementor-widget-text-editor\" data-id=\"e01a910\" data-element_type=\"widget\" data-e-type=\"widget\" data-widget_type=\"text-editor.default\">\n\t\t\t\t<div class=\"elementor-widget-container\">\n\t\t\t\t\t\t\t\t\t<p><strong><span style=\"color: #000000;\">La Asamblea Departamental del Choc\u00f3 es la m\u00e1xima Corporaci\u00f3n Pol\u00edtico Administrativa de elecci\u00f3n popular del departamento, la cual goza de autonomia administrativa, presupuesto propio y podr\u00e1 ejercer control pol\u00edtico sobre la administraci\u00f3n departamental, integrada por once (11) diputados elegidos por voto popular por un periodo constitucional de cuatro (4) a\u00f1os que se denominan Diputados y tendr\u00e1n la calidad de servidores p\u00fablicos, sujetos al r\u00e9gimen para estos efectos, fija la constituci\u00f3n y la ley, son reelegibles indefinidamente y representan al pueblo ante el Gobierno Departamental.<\/span><\/strong><\/p><p><strong><span style=\"color: #000000;\">Su principal responsabilidad es elaborar, estudiar y aprobar ordenanzas departamentales y realizar debates de control pol\u00edtico al Gobierno y la Administraci\u00f3n Departamental. Los diputados son servidores p\u00fablicos y en el ejercicio de sus funciones deber\u00e1n actuar en bancadas y sus decisiones estar\u00e1n ajustadas a la Constituci\u00f3n Pol\u00edtica, Leyes, Decretos, Ordenanzas, y dem\u00e1s normas relacionadas con el ejercicio de las corporaciones.<\/span><\/strong><\/p>\t\t\t\t\t\t\t\t<\/div>\n\t\t\t\t<\/div>\n\t\t\t\t<div class=\"elementor-element elementor-element-74a2540 elementor-widget elementor-widget-ct_heading\" data-id=\"74a2540\" data-element_type=\"widget\" data-e-type=\"widget\" data-widget_type=\"ct_heading.default\">\n\t\t\t\t<div class=\"elementor-widget-container\">\n\t\t\t\t\t<div id=\"ct_heading-74a2540\" class=\"ct-heading h-align-center sub-style12 ct-heading-left item-st-default\">\r\n\t<div class=\"ct-item--inner\">\r\n        <div class=\"ct-inline-css\"  data-css=\"\r\n            \">\r\n        <\/div>\r\n                <h3 class=\"item--title st-default wow pxl-split-text split-in-right\" data-wow-delay=\"ms\">\r\n                        <span class=\"sp-main\">\r\n                \r\n                MISI\u00d3N\r\n                \r\n                            <\/span>\r\n                    <\/h3>\r\n    <\/div>\r\n<\/div>\t\t\t\t<\/div>\n\t\t\t\t<\/div>\n\t\t\t\t<div class=\"elementor-element elementor-element-087e573 elementor-widget__width-initial elementor-widget elementor-widget-text-editor\" data-id=\"087e573\" data-element_type=\"widget\" data-e-type=\"widget\" data-widget_type=\"text-editor.default\">\n\t\t\t\t<div class=\"elementor-widget-container\">\n\t\t\t\t\t\t\t\t\t<p><strong><span><span style=\"color: #000000;\">Ser los dignos representantes de este Departamento, para ejercer una excelente labor de control pol\u00edtico, a todas las acciones de la Administraci\u00f3n Departamental, promover la <span style=\"caret-color: #000000;\">participaci\u00f3n<\/span> comunitaria, el mejoramiento social y cultura de sus habitantes, \u00a0a trav\u00e9s de los proyectos de ordenanzas, proposiciones y resoluciones de acuerdo a lo que establece la constituci\u00f3n Pol\u00edtica de Colombia y dem\u00e1s leyes que nos rigen.<\/span><\/span><\/strong><\/p>\t\t\t\t\t\t\t\t<\/div>\n\t\t\t\t<\/div>\n\t\t\t\t<div class=\"elementor-element elementor-element-bf59ae4 elementor-widget elementor-widget-ct_heading\" data-id=\"bf59ae4\" data-element_type=\"widget\" data-e-type=\"widget\" data-widget_type=\"ct_heading.default\">\n\t\t\t\t<div class=\"elementor-widget-container\">\n\t\t\t\t\t<div id=\"ct_heading-bf59ae4\" class=\"ct-heading h-align-center sub-style12 ct-heading-left item-st-default\">\r\n\t<div class=\"ct-item--inner\">\r\n        <div class=\"ct-inline-css\"  data-css=\"\r\n            \">\r\n        <\/div>\r\n                <h3 class=\"item--title st-default wow pxl-split-text split-in-right\" data-wow-delay=\"ms\">\r\n                        <span class=\"sp-main\">\r\n                \r\n                         <cite class=\"ct-text-highlight\">\r\n            VISI\u00d3N        <\/cite>\r\n         \r\n                \r\n                            <\/span>\r\n                    <\/h3>\r\n    <\/div>\r\n<\/div>\t\t\t\t<\/div>\n\t\t\t\t<\/div>\n\t\t\t\t<div class=\"elementor-element elementor-element-72c8e71 elementor-widget__width-initial elementor-widget elementor-widget-text-editor\" data-id=\"72c8e71\" data-element_type=\"widget\" data-e-type=\"widget\" data-widget_type=\"text-editor.default\">\n\t\t\t\t<div class=\"elementor-widget-container\">\n\t\t\t\t\t\t\t\t\t<p><strong><span><span style=\"color: #000000;\">La Asamblea Departamental del Choco, ser\u00e1 una Corporaci\u00f3n de gran reconocimiento en toda la geograf\u00eda nacional por el dinamismo en la defensa de los derechos pol\u00edticos, sociales, culturales y ambientales de nuestro Departamento a fin que podemos garantizar el mejor estar de todos los chocoanos(as) y que el ejercicio de un buen control pol\u00edtico donde participe activamente toda la comunidad, sirva de salvaguarda a nuestros propios intereses, de tal forma que esa acci\u00f3n mancomunada contribuya al desarrollo de nuestro amado Departamento. \u00a8se <span style=\"caret-color: #000000;\">caracterizar\u00e1<\/span> por su proyecci\u00f3n en la responsabilidad social, econ\u00f3mica, legislativa y administrativa; transparente inequitativa a trav\u00e9s de ordenanzas y estrategias\u00a8<\/span><\/span><\/strong><\/p>\t\t\t\t\t\t\t\t<\/div>\n\t\t\t\t<\/div>\n\t\t\t\t<div class=\"elementor-element elementor-element-81d51f5 elementor-widget elementor-widget-ct_heading\" data-id=\"81d51f5\" data-element_type=\"widget\" data-e-type=\"widget\" data-widget_type=\"ct_heading.default\">\n\t\t\t\t<div class=\"elementor-widget-container\">\n\t\t\t\t\t<div id=\"ct_heading-81d51f5\" class=\"ct-heading h-align-center sub-style12 ct-heading-left item-st-default\">\r\n\t<div class=\"ct-item--inner\">\r\n        <div class=\"ct-inline-css\"  data-css=\"\r\n            \">\r\n        <\/div>\r\n                <h3 class=\"item--title st-default wow pxl-split-text split-in-right\" data-wow-delay=\"ms\">\r\n                        <span class=\"sp-main\">\r\n                \r\n                VALORES          <cite class=\"ct-text-highlight\">\r\n            INTITUCIONALES        <\/cite>\r\n         \r\n                \r\n                            <\/span>\r\n                    <\/h3>\r\n    <\/div>\r\n<\/div>\t\t\t\t<\/div>\n\t\t\t\t<\/div>\n\t\t\t\t<div class=\"elementor-element elementor-element-d304c9a elementor-widget elementor-widget-text-editor\" data-id=\"d304c9a\" data-element_type=\"widget\" data-e-type=\"widget\" data-widget_type=\"text-editor.default\">\n\t\t\t\t<div class=\"elementor-widget-container\">\n\t\t\t\t\t\t\t\t\t<p>\u00a0<\/p><p><strong><span style=\"color: #000000;\">Responsabilidad, transparencia, sentido pertenencia, vocaci\u00f3n de servicio, eficiencia, resiliencia y respeto por lo p\u00fablico.<\/span><\/strong><\/p>\t\t\t\t\t\t\t\t<\/div>\n\t\t\t\t<\/div>\n\t\t            <\/div>\n        <\/div>\n                    <\/div>\n        <\/section>\n        \t\t<\/div>\n\t\t","protected":false},"excerpt":{"rendered":"<p>QUE HACER DE LA ASAMBLEA DEPARTAMENTAL DEL CHOC\u00d3 La Asamblea Departamental del Choc\u00f3 es la m\u00e1xima Corporaci\u00f3n Pol\u00edtico Administrativa de elecci\u00f3n popular del departamento, la cual goza de autonomia administrativa, presupuesto propio y podr\u00e1 ejercer control pol\u00edtico sobre la administraci\u00f3n departamental, integrada por once (11) diputados elegidos por voto popular por un periodo constitucional de [&hellip;]<\/p>\n","protected":false},"author":1,"featured_media":0,"parent":0,"menu_order":0,"comment_status":"closed","ping_status":"closed","template":"","meta":{"footnotes":""},"class_list":["post-73","page","type-page","status-publish","hentry"],"_links":{"self":[{"href":"https:\/\/www.asambleachoco.gov.co\/web\/wp-json\/wp\/v2\/pages\/73","targetHints":{"allow":["GET"]}}],"collection":[{"href":"https:\/\/www.asambleachoco.gov.co\/web\/wp-json\/wp\/v2\/pages"}],"about":[{"href":"https:\/\/www.asambleachoco.gov.co\/web\/wp-json\/wp\/v2\/types\/page"}],"author":[{"embeddable":true,"href":"https:\/\/www.asambleachoco.gov.co\/web\/wp-json\/wp\/v2\/users\/1"}],"replies":[{"embeddable":true,"href":"https:\/\/www.asambleachoco.gov.co\/web\/wp-json\/wp\/v2\/comments?post=73"}],"version-history":[{"count":23,"href":"https:\/\/www.asambleachoco.gov.co\/web\/wp-json\/wp\/v2\/pages\/73\/revisions"}],"predecessor-version":[{"id":3013,"href":"https:\/\/www.asambleachoco.gov.co\/web\/wp-json\/wp\/v2\/pages\/73\/revisions\/3013"}],"wp:attachment":[{"href":"https:\/\/www.asambleachoco.gov.co\/web\/wp-json\/wp\/v2\/media?parent=73"}],"curies":[{"name":"wp","href":"https:\/\/api.w.org\/{rel}","templated":true}]}}

HISTORIA DE LA ASAMBLEA DEPARTAMENTAL DEL CHOCÓ

<div data-elementor-type="wp-page" data-elementor-id="73" class="elementor elementor-73">
				        <section class="elementor-section elementor-top-section elementor-element elementor-element-05c55a8 elementor-section-stretched elementor-section-boxed elementor-section-height-default elementor-section-height-default ct-header-fixed-none ct-row-max-none" data-id="05c55a8" data-element_type="section" data-e-type="section" data-settings="{&quot;stretch_section&quot;:&quot;section-stretched&quot;}">
            
                        <div class="elementor-container elementor-column-gap-extended ">
                    <div class="elementor-column elementor-col-100 elementor-top-column elementor-element elementor-element-0430c36" data-id="0430c36" data-element_type="column" data-e-type="column">
        <div class="elementor-widget-wrap elementor-element-populated">
                    
        		<div class="elementor-element elementor-element-5272a95 elementor-widget elementor-widget-ct_heading" data-id="5272a95" data-element_type="widget" data-e-type="widget" data-widget_type="ct_heading.default">
				<div class="elementor-widget-container">
					<div id="ct_heading-5272a95" class="ct-heading h-align-center sub-style12 ct-heading-left item-st-default">
	<div class="ct-item--inner">
        <div class="ct-inline-css"  data-css="
            ">
        </div>
                <h3 class="item--title st-default wow pxl-split-text split-in-right" data-wow-delay="ms">
                        <span class="sp-main">
                
                QUE HACER DE LA          <cite class="ct-text-highlight">
            ASAMBLEA DEPARTAMENTAL DEL CHOCÓ        </cite>
         
                
                            </span>
                    </h3>
    </div>
</div>				</div>
				</div>
				<div class="elementor-element elementor-element-e01a910 elementor-widget__width-initial elementor-widget elementor-widget-text-editor" data-id="e01a910" data-element_type="widget" data-e-type="widget" data-widget_type="text-editor.default">
				<div class="elementor-widget-container">
									<p><strong><span style="color: #000000;">La Asamblea Departamental del Chocó es la máxima Corporación Político Administrativa de elección popular del departamento, la cual goza de autonomia administrativa, presupuesto propio y podrá ejercer control político sobre la administración departamental, integrada por once (11) diputados elegidos por voto popular por un periodo constitucional de cuatro (4) años que se denominan Diputados y tendrán la calidad de servidores públicos, sujetos al régimen para estos efectos, fija la constitución y la ley, son reelegibles indefinidamente y representan al pueblo ante el Gobierno Departamental.</span></strong></p><p><strong><span style="color: #000000;">Su principal responsabilidad es elaborar, estudiar y aprobar ordenanzas departamentales y realizar debates de control político al Gobierno y la Administración Departamental. Los diputados son servidores públicos y en el ejercicio de sus funciones deberán actuar en bancadas y sus decisiones estarán ajustadas a la Constitución Política, Leyes, Decretos, Ordenanzas, y demás normas relacionadas con el ejercicio de las corporaciones.</span></strong></p>								</div>
				</div>
				<div class="elementor-element elementor-element-74a2540 elementor-widget elementor-widget-ct_heading" data-id="74a2540" data-element_type="widget" data-e-type="widget" data-widget_type="ct_heading.default">
				<div class="elementor-widget-container">
					<div id="ct_heading-74a2540" class="ct-heading h-align-center sub-style12 ct-heading-left item-st-default">
	<div class="ct-item--inner">
        <div class="ct-inline-css"  data-css="
            ">
        </div>
                <h3 class="item--title st-default wow pxl-split-text split-in-right" data-wow-delay="ms">
                        <span class="sp-main">
                
                MISIÓN
                
                            </span>
                    </h3>
    </div>
</div>				</div>
				</div>
				<div class="elementor-element elementor-element-087e573 elementor-widget__width-initial elementor-widget elementor-widget-text-editor" data-id="087e573" data-element_type="widget" data-e-type="widget" data-widget_type="text-editor.default">
				<div class="elementor-widget-container">
									<p><strong><span><span style="color: #000000;">Ser los dignos representantes de este Departamento, para ejercer una excelente labor de control político, a todas las acciones de la Administración Departamental, promover la <span style="caret-color: #000000;">participación</span> comunitaria, el mejoramiento social y cultura de sus habitantes,  a través de los proyectos de ordenanzas, proposiciones y resoluciones de acuerdo a lo que establece la constitución Política de Colombia y demás leyes que nos rigen.</span></span></strong></p>								</div>
				</div>
				<div class="elementor-element elementor-element-bf59ae4 elementor-widget elementor-widget-ct_heading" data-id="bf59ae4" data-element_type="widget" data-e-type="widget" data-widget_type="ct_heading.default">
				<div class="elementor-widget-container">
					<div id="ct_heading-bf59ae4" class="ct-heading h-align-center sub-style12 ct-heading-left item-st-default">
	<div class="ct-item--inner">
        <div class="ct-inline-css"  data-css="
            ">
        </div>
                <h3 class="item--title st-default wow pxl-split-text split-in-right" data-wow-delay="ms">
                        <span class="sp-main">
                
                         <cite class="ct-text-highlight">
            VISIÓN        </cite>
         
                
                            </span>
                    </h3>
    </div>
</div>				</div>
				</div>
				<div class="elementor-element elementor-element-72c8e71 elementor-widget__width-initial elementor-widget elementor-widget-text-editor" data-id="72c8e71" data-element_type="widget" data-e-type="widget" data-widget_type="text-editor.default">
				<div class="elementor-widget-container">
									<p><strong><span><span style="color: #000000;">La Asamblea Departamental del Choco, será una Corporación de gran reconocimiento en toda la geografía nacional por el dinamismo en la defensa de los derechos políticos, sociales, culturales y ambientales de nuestro Departamento a fin que podemos garantizar el mejor estar de todos los chocoanos(as) y que el ejercicio de un buen control político donde participe activamente toda la comunidad, sirva de salvaguarda a nuestros propios intereses, de tal forma que esa acción mancomunada contribuya al desarrollo de nuestro amado Departamento. ¨se <span style="caret-color: #000000;">caracterizará</span> por su proyección en la responsabilidad social, económica, legislativa y administrativa; transparente inequitativa a través de ordenanzas y estrategias¨</span></span></strong></p>								</div>
				</div>
				<div class="elementor-element elementor-element-81d51f5 elementor-widget elementor-widget-ct_heading" data-id="81d51f5" data-element_type="widget" data-e-type="widget" data-widget_type="ct_heading.default">
				<div class="elementor-widget-container">
					<div id="ct_heading-81d51f5" class="ct-heading h-align-center sub-style12 ct-heading-left item-st-default">
	<div class="ct-item--inner">
        <div class="ct-inline-css"  data-css="
            ">
        </div>
                <h3 class="item--title st-default wow pxl-split-text split-in-right" data-wow-delay="ms">
                        <span class="sp-main">
                
                VALORES          <cite class="ct-text-highlight">
            INTITUCIONALES        </cite>
         
                
                            </span>
                    </h3>
    </div>
</div>				</div>
				</div>
				<div class="elementor-element elementor-element-d304c9a elementor-widget elementor-widget-text-editor" data-id="d304c9a" data-element_type="widget" data-e-type="widget" data-widget_type="text-editor.default">
				<div class="elementor-widget-container">
									<p> </p><p><strong><span style="color: #000000;">Responsabilidad, transparencia, sentido pertenencia, vocación de servicio, eficiencia, resiliencia y respeto por lo público.</span></strong></p>								</div>
				</div>
		            </div>
        </div>
                    </div>
        </section>
        		</div>

<p>QUE HACER DE LA ASAMBLEA DEPARTAMENTAL DEL CHOCÓ La Asamblea Departamental del Chocó es la máxima Corporación Político Administrativa de elección popular del departamento, la cual goza de autonomia administrativa, presupuesto propio y podrá ejercer control político sobre la administración departamental, integrada por once (11) diputados elegidos por voto popular por un periodo constitucional de [&hellip;]</p>
